a = 34 - -2. Suppose -2*b + a = -14. Let r = 47 - b. What are the prime factors of r?
2, 11
Let x(v) = 5*v**2 - 20*v + 71. What are the prime factors of x(11)?
2, 3, 19
Let k be (-4)/(-12) + (-2)/6. Suppose 6*y - y - 205 = k. Suppose 5*q - y - 69 = 0. What are the prime factors of q?
2, 11
Suppose -n - 1355 = -2*p + p, 2*p = 5*n + 2695. Suppose -2*d + 544 = -y - 2*y, 3*y = 5*d - p. List the prime factors of d.
2, 17
Suppose 412138 = 74*l + 80174. List the prime factors of l.
2, 2243
Let k = 588 - 254. List the prime factors of k.
2, 167
Let t(j) = -21*j - 13. Let v(w) = -w - 1. Let h(d) = t(d) - 3*v(d). What are the prime factors of h(-9)?
2, 19
Let u be 60/(-40) + -1 + (-6)/(-4). Let m(w) = 25*w**2 + 4*w + 2. List the prime factors of m(u).
23
Suppose 37 = 5*i - 4*i. Let u = -25 + i. What are the prime factors of u?
2, 3
List the prime factors of ((-23)/2)/((16/8)/(-100)).
5, 23
Let z(u) = -u**3 + 8*u**2 - 3*u + 10. Suppose 5*o + f = -4*f + 50, o - 4 = 2*f. Let a be z(o). Let b = 6 - a. List the prime factors of b.
2, 5
Let l = 41 + -21. Let j = 21 - l. List the prime factors of 4/4 - -22*j.
23
Let p(a) = 20*a**3 - 3*a**2 + 6*a - 1. What are the prime factors of p(4)?
5, 251
Let u(h) = h**2 - 2*h - 1. Let g be u(-1). Suppose -3*w + 6*w + 305 = 5*m, g*m = -w + 133. What are the prime factors of m?
2
Let r be 143/(-3) + (-1)/3. Let y be 4*(-3)/(r/(-212)). Let t = y + 132. What are the prime factors of t?
79
Let k be 2/5 + (-608)/20. Let z = k - -46. Suppose 2*a = a + z. List the prime factors of a.
2
Suppose -4*s + 3*c + 447 = 0, -2*s - 3*s + 2*c + 564 = 0. List the prime factors of (2 + -3)/((-6)/s).
19
List the prime factors of ((-72972)/(-15))/3 + (-12)/(-30).
2, 811
Let i = 74 - 30. Suppose x + i = 4*k - k, -48 = -3*k - 3*x. What are the prime factors of 9/k + 32/5?
7
Let q(y) = -7*y - 5. Suppose -21 = 5*x + 24. Let l(t) = 28*t + 19. Let a(c) = x*q(c) - 2*l(c). What are the prime factors of a(4)?
5, 7
Suppose 0*q = 2*q + 8, 0 = 2*x + 2*q + 144. Let o = x + 28. Let a = -2 - o. What are the prime factors of a?
2, 19
Suppose 2*h - h + m + 24 = 0, 4*h = 4*m - 72. List the prime factors of (-25)/(-105)*543 + 6/h.
3, 43
Suppose 0 = -0*k - 3*k + 3. Let s = k - -28. List the prime factors of s.
29
Suppose 5*n = 2*j + 8120, n - 4*j - 4858 = -2*n. List the prime factors of n.
2, 3, 271
Suppose -6*t + 3352 = 4*o - 5*t, -o + t + 833 = 0. List the prime factors of o.
3, 31
Let n(k) = 4*k**2 - k - 3. Let r(h) be the first derivative of h**4/4 - 5*h**3/3 - h**2/2 + 2*h + 7. Let i be r(5). What are the prime factors of n(i)?
2, 3
Suppose 0 = g + z - 134 + 28, 0 = 5*z. Suppose g - 44 = u. List the prime factors of u.
2, 31
What are the prime factors of 20/(-120) + 4/((-24)/(-2479))?
7, 59
Let f(u) = 14*u**2 + u**3 + 2*u - 7 + 0*u + 2*u. List the prime factors of f(-13).
2, 5, 11
Let a be (-99)/(-36)*(-28 - 0). Let z = -50 - a. List the prime factors of z.
3
Suppose 3*i = 3*r - 54, 4*r = -3*i - i + 72. Let v = 20 - r. List the prime factors of v.
2
Suppose -2*z + 4 = -8. Suppose z*r - 222 - 444 = 0. List the prime factors of r.
3, 37
Let x(m) = 2*m**3 - m**2 - 10*m + 2. Let p be x(-6). Let c = p - -603. What are the prime factors of c?
197
Let f = -15 + 18. Suppose -f*m - n + 3*n = -26, m - 12 = 4*n. What are the prime factors of m?
2
Let d = -742 - -1617. What are the prime factors of d?
5, 7
Suppose 11*w - 15*w = -224. Suppose 6 = u + k, -4*u - k + 45 = -4*k. Suppose 5*q - w = u. What are the prime factors of q?
13
Let r(n) = 15 - 9*n - 38 + 23. Suppose 0 = -6*y - 6. What are the prime factors of r(y)?
3
Suppose -29*z - 92664 = -62*z. List the prime factors of z.
2, 3, 13
Let d be (2 + 0 - 0)/(-2). Let x = -220 - -206. List the prime factors of (x/42)/(d/12).
2
What are the prime factors of ((-144)/20)/(4*(-2)/4300)?
2, 3, 5, 43
Suppose 2474 = -1105*p + 1106*p. What are the prime factors of p?
2, 1237
Let h be -3 + 63/(-4 + 1). Let y(o) = 8*o - 7. Let w be y(7). Let s = w + h. What are the prime factors of s?
5
Let d = -7 + 19. Suppose 0 = 17*k - d*k - 240. List the prime factors of k.
2, 3
Let x(k) = -127*k - 103. List the prime factors of x(-8).
11, 83
Suppose 5*h - d = 3086, -2*d + 526 = 3*h - 1336. List the prime factors of (h/(-5) + 2/(-5))/(-1).
2, 31
Let r(h) = 6*h**2 + 8*h + 12. Let z be r(-6). Suppose 2*x = 4*x - z. What are the prime factors of x?
2, 3, 5
Let z = -1817 - -2593. What are the prime factors of z?
2, 97
Let i be (-11)/(-2) - (21/6 - 3). Suppose 0 = -i*x + 3*x + 66. List the prime factors of x.
3, 11
Let s(f) = f**3 + 4*f**2 - 7*f - 6. Let w be s(-5). Suppose -3*u + w*u = 2. Suppose -u = -2*a + a. What are the prime factors of a?
2
Let b = -14 + 32. Let v = -53 + 59. Let p = b - v. List the prime factors of p.
2, 3
Suppose -3*b - 43 = 5*c, -3*b - 4*c = -11 + 58. Let l = -11 + b. List the prime factors of l/6*(-135)/12.
2, 3, 5
Let l(z) = -z. Let b be l(-3). Suppose -5*w = d - 19, -66 = -5*d + 7*w - b*w. List the prime factors of d.
2, 7
Let t = -35 + 31. Let d be ((-60)/(-16))/(-5)*t. Suppose -d*p - 57 = -3*i + 2*p, -4*p = 0. List the prime factors of i.
19
What are the prime factors of (-6)/93 + (-1031211)/(-899)?
31, 37
Suppose -2*p + 178 = -p + 5*h, 5*h = 5*p - 980. List the prime factors of p.
193
Suppose -8 - 8 = -4*r. Let q(s) = s**3 - 4*s**2 - 3*s + 1. Let w be q(r). Let a(z) = -z**2 - 14*z + 5. What are the prime factors of a(w)?
2, 19
Suppose 3*w + 2*z = 4*z + 1595, 2*z + 2130 = 4*w. What are the prime factors of w?
5, 107
Suppose -65*r = -53*r - 4476. What are the prime factors of r?
373
What are the prime factors of (-124802)/(-25) + 86/(-1075)?
2, 3, 13
Suppose -h = -6*h - 395. Let n = -166 + 44. Let w = h - n. What are the prime factors of w?
43
Let f(h) be the second derivative of 19*h**3/6 - 3*h**2 + 21*h. What are the prime factors of f(3)?
3, 17
Suppose 9*u + u = -390. What are the prime factors of (-4182)/(-26) + (-6)/u?
7, 23
Suppose -4*h + 4*b = -9*h + 8855, 3*h + 4*b = 5313. What are the prime factors of h?
7, 11, 23
Let c be (-2 - -4 - 1) + -6 + 1. What are the prime factors of c/6 + (-1180)/(-15)?
2, 3, 13
Let b be -2 + (1 - -4)/(-5). Let q be ((-5)/(-2))/(b/(-6)). Suppose g = 1, q*c = -3*g + 237 - 14. List the prime factors of c.
2, 11
Let z = 436 + 31. What are the prime factors of z?
467
Suppose 12546 = 19*a - 2673. What are the prime factors of a?
3, 89
Suppose -13*b + 3918 + 515 = 0. What are the prime factors of b?
11, 31
Let x be (24/14)/((-8)/(-448)). Suppose -6*f = -294 + x. List the prime factors of f.
3, 11
Suppose 4*m - 2456 = 2*j, 2*m + 2*j = 6*j + 1234. What are the prime factors of m?
613
Let c be (-138)/23*((-1)/3 - -1). What are the prime factors of 3 + -136*c/8?
71
Let t = 93 - 48. Let i = -15 + t. List the prime factors of i.
2, 3, 5
List the prime factors of -190*(12/4)/(-1).
2, 3, 5, 19
Let x be -2 + (-2 - -3) + 169. Suppose x + 21 = -3*i. Let k = 94 + i. List the prime factors of k.
31
Suppose 0 = 2*z - 5*d - 1 + 20, -4*d = 5*z - 2. Let j(v) = 27*v**2 + 2*v + 2. Let h be j(z). Suppose -5*m + h - 21 = 0. What are the prime factors of m?
17
Let k = 22 + -18. What are the prime factors of (16/k - 4) + 53?
53
Suppose -5*g + 2590 = -4*j, 0*j = -5*g - 2*j + 2560. List the prime factors of g.
2, 257
Let d(j) = j**2 + j + 1. Let r be d(-2). Suppose -4*f + 5 = -r. Suppose f*w + 12 = 4*w - 2*i, -4*w = 2*i. List the prime factors of w.
2
Suppose -5*d + 20 - 4 = -2*c, 5 = -2*d - 3*c. Suppose 0*u - d*u - 4*h - 10 = 0, 5*u - 3*h = 27. Suppose -27 = -u*k - 6. What are the prime factors of k?
7
Let a = -19 + 27. Suppose -a = -0*c - 4*c. List the prime factors of (11 - 4) + (-1 - c).
2
Let s = -17 + 18. Let t(p) = 229*p**3 - p**2 + 4*p - 3. What are the prime factors of t(s)?
229
Let f(r) = 48*r - 125. What are the prime factors of f(18)?
739
What are the prime factors of 30/(-40)*(-8231 + (3 - 4))?
2, 3, 7
Let c(h) = 2*h**2 - 5*h + 43. List the prime factors of c(-14).
5, 101
Suppose 1 = k, -2*p - 2*p = 2*k - 26. List the prime factors of (-8)/6*(-444)/(p + -2).
2, 37
Let b = -3 + -7. Let m be 5/(b/(-4))*10. List the prime factors of -3 + (m - (3 + -2)).
2
Suppose 0*i = -14*i + 126. List the prime factors of (2 + 6/i)*2343/22.
2, 71
Let t be 471*(-3)/(-9)*1. Let g = t - 105. List the prime factors of 